{"id":373,"date":"2021-02-18T18:41:39","date_gmt":"2021-02-18T18:41:39","guid":{"rendered":"http:\/\/www.saudeamericana.com.br\/v2\/?page_id=373"},"modified":"2021-02-25T14:17:27","modified_gmt":"2021-02-25T14:17:27","slug":"secretario-de-saude","status":"publish","type":"page","link":"https:\/\/www.saudeamericana.com.br\/v2\/secretario-de-saude\/","title":{"rendered":"Secret\u00e1rio de Sa\u00fade"},"content":{"rendered":"\n<figure class=\"wp-block-image size-large is-resized\"><img loading=\"lazy\" decoding=\"async\" src=\"http:\/\/www.saudeamericana.com.br\/v2\/wp-content\/uploads\/2021\/02\/Dr.-danilo-1024x760.jpeg\" alt=\"\" class=\"wp-image-419\" width=\"576\" height=\"427\" srcset=\"https:\/\/www.saudeamericana.com.br\/v2\/wp-content\/uploads\/2021\/02\/Dr.-danilo-1024x760.jpeg 1024w, https:\/\/www.saudeamericana.com.br\/v2\/wp-content\/uploads\/2021\/02\/Dr.-danilo-300x223.jpeg 300w, https:\/\/www.saudeamericana.com.br\/v2\/wp-content\/uploads\/2021\/02\/Dr.-danilo-768x570.jpeg 768w, https:\/\/www.saudeamericana.com.br\/v2\/wp-content\/uploads\/2021\/02\/Dr.-danilo-1536x1140.jpeg 1536w, https:\/\/www.saudeamericana.com.br\/v2\/wp-content\/uploads\/2021\/02\/Dr.-danilo-140x104.jpeg 140w, https:\/\/www.saudeamericana.com.br\/v2\/wp-content\/uploads\/2021\/02\/Dr.-danilo.jpeg 1600w\" sizes=\"auto, (max-width: 576px) 100vw, 576px\" \/><\/figure>\n\n\n\n<p class=\"has-text-align-left\"><strong>Dr. Danilo Carvalho Oliveira<\/strong><\/p>\n\n\n\n<p>Doutor em Sa\u00fade P\u00fablica pela Faculdade de Medicina de Ribeir\u00e3o Preto-FMRP\/USP;<\/p>\n\n\n\n<p>Mestre em Gest\u00e3o das Organiza\u00e7\u00f5es da Sa\u00fade-FMRP\/USP;<\/p>\n\n\n\n<p>Especialista em Gest\u00e3o dos Hospitais Universit\u00e1rios Federais do SUS ( Instituto de Ensino e Pesquisa do Hospital S\u00edrio Liban\u00eas) , Especialista em Economia da Sa\u00fade (UFG) , Especialista em Gest\u00e3o das Redes de Aten\u00e7\u00e3o \u00e0 Sa\u00fade ( FIOCRUZ) e especialista em &nbsp;Excel\u00eancia Operacional em Sa\u00fade (Instituto de Ensino do Hospital Albert Einstein) com forma\u00e7\u00e3o Green Belt tamb\u00e9m pelo Albert Einstein;<\/p>\n\n\n\n<p>Gradua\u00e7\u00e3o em Fisioterapia<\/p>\n\n\n\n<p>Atuou no Minist\u00e9rio da Sa\u00fade e Autarquia Hospitalar do Munic\u00edpio de S\u00e3o Paulo;<\/p>\n\n\n\n<p>Consultor&nbsp; com atua\u00e7\u00e3o em hospitais filantr\u00f3picos no Estado de S\u00e3o Paulo, Santa Catarina, Mato Grosso do Sul e em &nbsp;Projeto PROADI com Hospital Alem\u00e3o Oswaldo Cruz e Projeto SA\u00daDE EM A\u00c7\u00c3O &nbsp;pela FAEPA\/HCFMRP.<\/p>\n","protected":false},"excerpt":{"rendered":"<p>Dr. Danilo Carvalho Oliveira Doutor em Sa\u00fade P\u00fablica pela Faculdade de Medicina de Ribeir\u00e3o Preto-FMRP\/USP; Mestre em Gest\u00e3o das Organiza\u00e7\u00f5es da Sa\u00fade-FMRP\/USP; Especialista em Gest\u00e3o dos Hospitais Universit\u00e1rios Federais do&hellip;<\/p>\n","protected":false},"author":1,"featured_media":0,"parent":0,"menu_order":0,"comment_status":"closed","ping_status":"closed","template":"","meta":{"footnotes":""},"class_list":["post-373","page","type-page","status-publish","hentry"],"_links":{"self":[{"href":"https:\/\/www.saudeamericana.com.br\/v2\/wp-json\/wp\/v2\/pages\/373","targetHints":{"allow":["GET"]}}],"collection":[{"href":"https:\/\/www.saudeamericana.com.br\/v2\/wp-json\/wp\/v2\/pages"}],"about":[{"href":"https:\/\/www.saudeamericana.com.br\/v2\/wp-json\/wp\/v2\/types\/page"}],"author":[{"embeddable":true,"href":"https:\/\/www.saudeamericana.com.br\/v2\/wp-json\/wp\/v2\/users\/1"}],"replies":[{"embeddable":true,"href":"https:\/\/www.saudeamericana.com.br\/v2\/wp-json\/wp\/v2\/comments?post=373"}],"version-history":[{"count":14,"href":"https:\/\/www.saudeamericana.com.br\/v2\/wp-json\/wp\/v2\/pages\/373\/revisions"}],"predecessor-version":[{"id":433,"href":"https:\/\/www.saudeamericana.com.br\/v2\/wp-json\/wp\/v2\/pages\/373\/revisions\/433"}],"wp:attachment":[{"href":"https:\/\/www.saudeamericana.com.br\/v2\/wp-json\/wp\/v2\/media?parent=373"}],"curies":[{"name":"wp","href":"https:\/\/api.w.org\/{rel}","templated":true}]}}

Secretário de Saúde

<figure class="wp-block-image size-large is-resized"><img loading="lazy" decoding="async" src="http://www.saudeamericana.com.br/v2/wp-content/uploads/2021/02/Dr.-danilo-1024x760.jpeg" alt="" class="wp-image-419" width="576" height="427" srcset="https://www.saudeamericana.com.br/v2/wp-content/uploads/2021/02/Dr.-danilo-1024x760.jpeg 1024w, https://www.saudeamericana.com.br/v2/wp-content/uploads/2021/02/Dr.-danilo-300x223.jpeg 300w, https://www.saudeamericana.com.br/v2/wp-content/uploads/2021/02/Dr.-danilo-768x570.jpeg 768w, https://www.saudeamericana.com.br/v2/wp-content/uploads/2021/02/Dr.-danilo-1536x1140.jpeg 1536w, https://www.saudeamericana.com.br/v2/wp-content/uploads/2021/02/Dr.-danilo-140x104.jpeg 140w, https://www.saudeamericana.com.br/v2/wp-content/uploads/2021/02/Dr.-danilo.jpeg 1600w" sizes="auto, (max-width: 576px) 100vw, 576px" /></figure>



<p class="has-text-align-left"><strong>Dr. Danilo Carvalho Oliveira</strong></p>



<p>Doutor em Saúde Pública pela Faculdade de Medicina de Ribeirão Preto-FMRP/USP;</p>



<p>Mestre em Gestão das Organizações da Saúde-FMRP/USP;</p>



<p>Especialista em Gestão dos Hospitais Universitários Federais do SUS ( Instituto de Ensino e Pesquisa do Hospital Sírio Libanês) , Especialista em Economia da Saúde (UFG) , Especialista em Gestão das Redes de Atenção à Saúde ( FIOCRUZ) e especialista em &nbsp;Excelência Operacional em Saúde (Instituto de Ensino do Hospital Albert Einstein) com formação Green Belt também pelo Albert Einstein;</p>



<p>Graduação em Fisioterapia</p>



<p>Atuou no Ministério da Saúde e Autarquia Hospitalar do Município de São Paulo;</p>



<p>Consultor&nbsp; com atuação em hospitais filantrópicos no Estado de São Paulo, Santa Catarina, Mato Grosso do Sul e em &nbsp;Projeto PROADI com Hospital Alemão Oswaldo Cruz e Projeto SAÚDE EM AÇÃO &nbsp;pela FAEPA/HCFMRP.</p>

<p>Dr. Danilo Carvalho Oliveira Doutor em Saúde Pública pela Faculdade de Medicina de Ribeirão Preto-FMRP/USP; Mestre em Gestão das Organizações da Saúde-FMRP/USP; Especialista em Gestão dos Hospitais Universitários Federais do&hellip;</p>
